{"id":95,"date":"2017-04-24T12:43:44","date_gmt":"2017-04-24T12:43:44","guid":{"rendered":"https:\/\/bizhostvn.com\/w\/english\/?page_id=95"},"modified":"2017-04-24T16:04:27","modified_gmt":"2017-04-24T16:04:27","slug":"lien-he","status":"publish","type":"page","link":"https:\/\/wp.nq72.de\/w\/english\/lien-he\/","title":{"rendered":"Li\u00ean h\u1ec7"},"content":{"rendered":"\n\t<script type=\"text\/javascript\">\n  jQuery( document ).ready(function() {\n    function initialize() {\n        var styles = {\n            'flatsome':  [{\n            \"featureType\": \"administrative\",\n            \"stylers\": [\n              { \"visibility\": \"on\" }\n            ]\n          },\n          {\n            \"featureType\": \"road\",\n            \"stylers\": [\n              { \"visibility\": \"on\" },\n              { \"hue\": \"\" }\n            ]\n          },\n          {\n            \"stylers\": [\n\t\t\t  { \"visibility\": \"on\" },\n\t\t\t  { \"hue\": \"\" },\n\t\t\t  { \"saturation\": -30 }\n            ]\n          }\n        ]};\n\n        var myLatlng = new google.maps.LatLng(40.79028, -73.95972);\n        var myOptions = {\n            zoom: 17,\n            center: myLatlng,\n            mapTypeId: google.maps.MapTypeId.ROADMAP,\n            disableDefaultUI: true,\n            mapTypeId: 'flatsome',\n            draggable: true,\n            zoomControl: false,\n            zoomControlOptions: {\n              position: google.maps.ControlPosition.TOP_LEFT\n            },\n      \t\t\t\/\/ panControl: false,\n            \/\/ panControlOptions: {\n            \/\/   position: google.maps.ControlPosition.TOP_LEFT\n            \/\/ },\n      \t\t\tmapTypeControl: false,\n            mapTypeControlOptions: {\n              position: google.maps.ControlPosition.TOP_LEFT\n            },\n      \t\t\t\/\/ scaleControl: false,\n            \/\/ scaleControlOptions: {\n            \/\/   position: google.maps.ControlPosition.TOP_LEFT\n            \/\/ },\n      \t\t\tstreetViewControl: false,\n            streetViewControlOptions: {\n              position: google.maps.ControlPosition.TOP_LEFT\n            },\n      \t\t\t\/\/ overviewMapControl: false,\n            \/\/ overviewMapControlOptions: {\n            \/\/   position: google.maps.ControlPosition.TOP_LEFT\n            \/\/ },\n            scrollwheel: false,\n            disableDoubleClickZoom: true\n        }\n        var map = new google.maps.Map(document.getElementById(\"map-967808155-inner\"), myOptions);\n        var styledMapType = new google.maps.StyledMapType(styles['flatsome'], {name: 'flatsome'});\n        map.mapTypes.set('flatsome', styledMapType);\n\n        var marker = new google.maps.Marker({\n            position: myLatlng,\n            map: map,\n            title:\"\"\n        });\n    }\n\n    google.maps.event.addDomListener(window, 'load', initialize);\n    google.maps.event.addDomListener(window, 'resize', initialize);\n    });\n    <\/script>\n\n    <div class=\"google-map relative mb\" id=\"map-967808155\">\n        <div class=\"map-height\" id=\"map-967808155-inner\"><\/div>\n        <div id=\"map_overlay_top\"><\/div>\n        <div id=\"map_overlay_bottom\"><\/div>\n                  <div class=\"map_inner map-inner last-reset absolute x100 md-x95 lg-x95 y100 md-y95 lg-y95\">\n              \n<p>Enter street adress here. Or any other information you want.<\/p>\n         <\/div>\n       \n       \n<style scope=\"scope\">\n\n#map-967808155 .map-inner {\n  background-color: #fff;\n  max-width: 100%;\n}\n#map-967808155 .map-height {\n  height: 400px;\n}\n\n\n@media (min-width:550px) {\n\n  #map-967808155 .map-inner {\n    max-width: 40%;\n  }\n\n}\n\n\n@media (min-width:850px) {\n\n  #map-967808155 .map-inner {\n    max-width: 30%;\n  }\n\n}\n<\/style>\n    <\/div><!-- .map -->\n\n\t\n<div class=\"row row-small\"  id=\"row-1045010451\">\n<div class=\"col medium-6 small-12 large-6\"  ><div class=\"col-inner\"  >\n<h3 class=\"main-header text-left\">TALKY TOWN ENGLISH<\/h3>\n<p><strong>\u0110\u1ecba ch\u1ec9: <\/strong>S\u1ed1 23, TT27, K\u0110T V\u0103n Ph\u00fa, H\u00e0 \u0110\u00f4ng<br \/>\nH\u00e0 N\u1ed9i<\/p>\n<p><strong>Email:<\/strong> lienhe.talkytown@gmail.com<\/p>\n<p><strong>S\u1ed1 \u0111i\u1ec7n tho\u1ea1i:<\/strong> 098 811 90 02<\/p>\n<p>Tr\u1ea3i qua nhi\u1ec1u n\u0103m gi\u1ea3ng d\u1ea1y, t\u00ecm t\u00f2i, nghi\u00ean c\u1ee9u c\u00e1c ph\u01b0\u01a1ng ph\u00e1p d\u1ea1y v\u00e0 h\u1ecdc Ti\u1ebfng Anh hi\u1ec7u qu\u1ea3 cho tr\u1ebb em,<br \/>\nTrung t\u00e2m Ngo\u1ea1i Ng\u1eef Talky Town t\u1ef1 h\u00e0o l\u00e0 m\u1ed9t trong nh\u1eefng trung t\u00e2m \u0111i \u0111\u1ea7u trong vi\u1ec7c \u00e1p d\u1ee5ng nguy\u00ean t\u1eafc l\u1ea5y H\u1ecdc sinh l\u00e0m trung t\u00e2m t\u1eeb \u0111\u00f3 \u00e1p d\u1ee5ng nh\u1eefng ph\u01b0\u01a1ng ph\u00e1p gi\u1ea3ng d\u1ea1y:<\/p>\n<ul style=\"list-style-position: inside\">\n<li>Ti\u1ebfng Anh T\u01af\u01a0NG T\u00c1C<\/li>\n<li>T\u01af DUY PH\u1ea2N BI\u1ec6N<\/li>\n<li>T\u01af DUY NG\u00d4N NG\u1eee<\/li>\n<p>\u0110\u1ec3 khi\u1ebfn vi\u1ec7c h\u1ecdc ti\u1ebfng Anh c\u1ee7a tr\u1ebb em tr\u1edf n\u00ean d\u1ec5 d\u00e0ng v\u00e0 hi\u1ec7u qu\u1ea3.<\/p>\n<\/div><\/div>\n<div class=\"col medium-6 small-12 large-6\"  ><div class=\"col-inner\"  >\n<h3 class=\"main-header text-left\">LI\u00caN H\u1ec6<\/h3>\n<div role=\"form\" class=\"wpcf7\" id=\"wpcf7-f4-o1\" lang=\"en-US\" dir=\"ltr\">\n<div class=\"screen-reader-response\"><\/div>\n<form action=\"\/w\/english\/wp-json\/wp\/v2\/pages\/95#wpcf7-f4-o1\" method=\"post\" class=\"wpcf7-form\" novalidate=\"novalidate\">\n<div style=\"display: none;\">\n<input type=\"hidden\" name=\"_wpcf7\" value=\"4\" \/>\n<input type=\"hidden\" name=\"_wpcf7_version\" value=\"4.7\" \/>\n<input type=\"hidden\" name=\"_wpcf7_locale\" value=\"en_US\" \/>\n<input type=\"hidden\" name=\"_wpcf7_unit_tag\" value=\"wpcf7-f4-o1\" \/>\n<input type=\"hidden\" name=\"_wpnonce\" value=\"0a8f638325\" \/>\n<\/div>\n<p><label> Your Name (required)<br \/>\n    <span class=\"wpcf7-form-control-wrap your-name\"><input type=\"text\" name=\"your-name\" value=\"\" size=\"40\" class=\"wpcf7-form-control wpcf7-text wpcf7-validates-as-required\" aria-required=\"true\" aria-invalid=\"false\" \/><\/span> <\/label><\/p>\n<p><label> Your Email (required)<br \/>\n    <span class=\"wpcf7-form-control-wrap your-email\"><input type=\"email\" name=\"your-email\" value=\"\" size=\"40\" class=\"wpcf7-form-control wpcf7-text wpcf7-email wpcf7-validates-as-required wpcf7-validates-as-email\" aria-required=\"true\" aria-invalid=\"false\" \/><\/span> <\/label><\/p>\n<p><label> Subject<br \/>\n    <span class=\"wpcf7-form-control-wrap your-subject\"><input type=\"text\" name=\"your-subject\" value=\"\" size=\"40\" class=\"wpcf7-form-control wpcf7-text\" aria-invalid=\"false\" \/><\/span> <\/label><\/p>\n<p><label> Your Message<br \/>\n    <span class=\"wpcf7-form-control-wrap your-message\"><textarea name=\"your-message\" cols=\"40\" rows=\"10\" class=\"wpcf7-form-control wpcf7-textarea\" aria-invalid=\"false\"><\/textarea><\/span> <\/label><\/p>\n<p><input type=\"submit\" value=\"Send\" class=\"wpcf7-form-control wpcf7-submit\" \/><\/p>\n<div class=\"wpcf7-response-output wpcf7-display-none\"><\/div><\/form><\/div>\n<\/div><\/div>\n\n<style scope=\"scope\">\n\n<\/style>\n<\/div>\n","protected":false},"excerpt":{"rendered":"","protected":false},"author":1,"featured_media":0,"parent":0,"menu_order":0,"comment_status":"closed","ping_status":"closed","template":"","meta":{"footnotes":""},"_links":{"self":[{"href":"https:\/\/wp.nq72.de\/w\/english\/wp-json\/wp\/v2\/pages\/95"}],"collection":[{"href":"https:\/\/wp.nq72.de\/w\/english\/wp-json\/wp\/v2\/pages"}],"about":[{"href":"https:\/\/wp.nq72.de\/w\/english\/wp-json\/wp\/v2\/types\/page"}],"author":[{"embeddable":true,"href":"https:\/\/wp.nq72.de\/w\/english\/wp-json\/wp\/v2\/users\/1"}],"replies":[{"embeddable":true,"href":"https:\/\/wp.nq72.de\/w\/english\/wp-json\/wp\/v2\/comments?post=95"}],"version-history":[{"count":3,"href":"https:\/\/wp.nq72.de\/w\/english\/wp-json\/wp\/v2\/pages\/95\/revisions"}],"predecessor-version":[{"id":98,"href":"https:\/\/wp.nq72.de\/w\/english\/wp-json\/wp\/v2\/pages\/95\/revisions\/98"}],"wp:attachment":[{"href":"https:\/\/wp.nq72.de\/w\/english\/wp-json\/wp\/v2\/media?parent=95"}],"curies":[{"name":"wp","href":"https:\/\/api.w.org\/{rel}","templated":true}]}}